f(s) = -4*s + 1. Let l be f(-2). What is the greatest common factor of 63 and l?
9
Let d(h) = -10*h + 10. Let w be d(-6). Let n(i) = -i**3 + 5*i**2 + 7*i - 7. Let v be n(5). What is the greatest common factor of w and v?
14
Let j be -2 - 26*(1 - 2). What is the greatest common factor of 8 and j?
8
Let c = -2 + 0. Let j be (-4)/(-2 - (c + 2)). Suppose 3*q = 5*y - 73, 4*q - 84 = -2*y - j*y. What is the highest common factor of 187 and y?
17
Let z(k) = -7*k + 3. Let c be z(2). Let y = c - -35. Let v(n) = n**3 - 6*n**2 + 5*n - 6. Let s be v(6). Calculate the highest common divisor of y and s.
24
Suppose 5*n - 306 = 69. Calculate the greatest common factor of 15 and n.
15
Suppose -2 = -2*w, 0 = d - 3*w + 4*w - 16. Let y be 110/(3/((-18)/(-4))). Calculate the highest common divisor of y and d.
15
Let f = -138 - -240. Let h be 3/(-6) - f/(-4). Let x = -4 + h. What is the greatest common divisor of x and 63?
21
Suppose 5*u = 2*u - 4*p + 34, -95 = -5*u + p. Suppose -46 = -4*z + z + 5*g, 18 = z - 3*g. Calculate the highest common factor of z and u.
6
Suppose -8 = -4*x + 40. Let m = -15 - -27. Calculate the highest common divisor of m and x.
12
Suppose 0 = 4*d - 15 - 25. Let a be ((-8)/d)/(6/(-120)). What is the greatest common factor of a and 32?
16
Suppose -d + 5*b = -6, 0 = -5*d + 2*b + 3*b - 50. Let i = d + 38. Suppose 14 = 5*y - u - u, y = -4*u + 16. What is the greatest common factor of y and i?
4
Suppose -3*a + 77 + 1 = -4*q, 5*a - 153 = -q. Let z = -15 - -25. Calculate the greatest common divisor of z and a.
10
Let m be ((-3)/6)/(1/(-4)). Let w(a) = 8 + 0 + 3*a - m + 0. Let q be w(6). Calculate the highest common factor of 8 and q.
8
Suppose -4*h = -7 - 9, 0 = 4*b - h - 8. What is the greatest common divisor of 21 and b?
3
Let i(q) = -7*q - 4. Let c be i(-4). Let h = c + 46. What is the greatest common divisor of h and 14?
14
Let a = -53 + 58. What is the greatest common divisor of 40 and a?
5
Suppose c - 172 = -4*z, -4*c = -4*z + 39 + 153. What is the highest common factor of z and 22?
22
Let g(c) = -c**2 + 8*c - 1. Let u be g(7). What is the highest common factor of u and 24?
6
Let h = 8 - -9. Calculate the greatest common factor of h and 68.
17
Let i(a) = -a**3 - 7*a**2 - 6*a + 3. Let p be i(-6). Suppose -4*v + 31 = p. What is the greatest common divisor of 56 and v?
7
Let t be (-324)/(-7) + 2/(-7). Let w = -243 - -266. Calculate the highest common divisor of t and w.
23
Let h = -6 - -7. Let v = h - -1. What is the greatest common divisor of 16 and v?
2
Let g = -12 + 28. Calculate the highest common divisor of g and 176.
16
Suppose 0 = -3*h - 2*j + 489, -9 = -0*j + 3*j. Calculate the highest common factor of h and 15.
15
Suppose o = -0 - 1. Let v be (-4 - 2)/(o/18). Calculate the highest common divisor of v and 12.
12
Let w be (-5 + 5/(-3))*(2 + -5). What is the greatest common divisor of w and 40?
20
Let k be 2 + -20*3/3. Let c be (-148)/18 - 4/k. Let r be (c/(-10))/(3/210). Calculate the highest common factor of r and 7.
7
Suppose 144 = 10*x - 9*x. What is the highest common factor of x and 18?
18
Suppose -2*s = a + 9 - 1, 5*a + 2*s = 0. Suppose p + a*o + 42 = 3*p, 0 = -3*p + 4*o + 63. What is the greatest common divisor of p and 7?
7
Let y be (-3 + (-46)/(-10))*-5. Let h be (-112)/(-6) + y/12. Let t = h + -1. Calculate the highest common factor of 85 and t.
17
Let x(d) = 2*d**2 - 2*d - 1. Let w be x(6). Let z = 4 - 6. Let y be w/1 - (1 + z). What is the greatest common factor of y and 24?
12
Let c be ((-2)/(-6))/(4/36). Suppose c*o + 13 = t - o, -12 = -4*t - 4*o. Calculate the greatest common divisor of 25 and t.
5
Let p = -361 + 658. Calculate the highest common factor of p and 11.
11
Let s(j) = j**2 - 5*j - 3. Let w be s(6). Suppose f = 5 + w. Calculate the highest common factor of 1 and f.
1
Let h be 22 - (-1)/(1/2). Let v be (-4)/(h/15 - 2). What is the highest common factor of v and 30?
10
Let j(g) = g + 4. Let l be j(0). Let p be (l - 19)*2/(-6). What is the highest common factor of p and 35?
5
Let k be 1/(-3) + (-20)/(-6). Let r = k + 1. Let o(f) = f**3 - 6*f**2 - 12*f + 12. Let j be o(8). What is the greatest common factor of j and r?
4
Let k(l) = -l**2 - 18*l + 1. Let x be k(-8). Let s be 18/x - 394/(-9). What is the greatest common divisor of 11 and s?
11
Suppose 11 = 4*v - 1. Let m be 10*(-4)/8 - -32. Calculate the highest common factor of m and v.
3
Let x(t) be the third derivative of t**6/120 - t**5/60 + 14*t**3 - 2*t**2. Let n be x(0). Calculate the highest common divisor of 12 and n.
12
Let d(q) = q**2 + q + 1. Let s be d(-1). Let z be 2*(s + 33/6). What is the highest common divisor of z and 39?
13
Let k(m) = -2*m - 3. Let p be k(-4). Let w = -10 + 0. Let l be 4/w - (-257)/p. Calculate the greatest common divisor of 17 and l.
17
Let p be (76/10 - 2)/(2/10). What is the highest common divisor of p and 252?
28
Let r = 58 + 32. Calculate the greatest common factor of 10 and r.
10
Let x = 12 + 2. Suppose -4*q = -j + x, -2*j = -j + 2*q - 14. What is the greatest common factor of j and 56?
14
Suppose 4*b - 9 = 3. Suppose 63 = b*q + s + 11, -3*q = 2*s - 50. What is the greatest common factor of 2 and q?
2
Let o = 43 + 101. Calculate the highest common divisor of o and 48.
48
Suppose -2*c - c + 89 = 2*p, 0 = -c - 2*p + 27. Let y = -7 + c. What is the highest common divisor of 96 and y?
24
Let k be ((-3)/(-2))/(6/20). Let p be 2/k + 440/25. What is the greatest common factor of 90 and p?
18
Let m(i) = -i**3 + 6*i**2 + 2. Let n be m(6). Let r = n - 2. Suppose 2*d - 4*p = 142, r*d = 5*d - 5*p - 365. What is the greatest common factor of d and 30?
15
Let o(m) = -m**3 + 5*m**2 + m + 1. Let z = -12 - -17. Let w be o(z). Suppose 2*b - 8 = 10. Calculate the highest common factor of w and b.
3
Suppose 26 = 7*z - 2. What is the greatest common divisor of 4 and z?
4
Let c = 47 + -30. Calculate the highest common factor of 153 and c.
17
Let h = 2 - 0. Suppose -92 = -4*s - u, -s - 6*u + 38 = -h*u. What is the highest common divisor of 110 and s?
22
Suppose 0 = 4*w + 5*y - 82, w + 28 = 3*w - 4*y. Suppose w + 42 = 5*m. Calculate the greatest common factor of m and 12.
12
Suppose 3*n = -q + 2*q + 89, -2*n + 55 = -5*q. Calculate the greatest common divisor of n and 10.
10
Suppose -3*n + 12 = 0, -3*t + 5*n - 200 = -7*t. Calculate the greatest common factor of 18 and t.
9
Suppose 4 = k, i - k - 199 = k. Suppose -8*x = -3*x - 115. Calculate the greatest common divisor of x and i.
23
Let u be 40 - 0/(1/1). Let i = -421 - -521. Calculate the highest common divisor of u and i.
20
Let b be -2 + (-60)/4 + -3*1. Suppose a + 12 + 1 = 0. Let f = a - b. Calculate the greatest common factor of f and 21.
7
Let u be ((-59 + 7)/(1/1))/(-2). Calculate the greatest common factor of 26 and u.
26
Let o = -5 - -19. What is the highest common divisor of 98 and o?
14
Let v(z) = z**3 + 6*z**2 - z - 6. Let q be v(-6). Let k be 30*(-9)/(-6) + q. What is the greatest common factor of k and 5?
5
Let x = 138 - 96. Calculate the highest common factor of 105 and x.
21
Let l(v) = v**2 + 30. Let g be l(0). Let b(k) = -14*k - 9. Let y be b(-6). Calculate the highest common divisor of y and g.
15
Let k(o) be the third derivative of o**5/30 - o**4/12 + 2*o**2. Let z be k(-2). Suppose v - z = 23. What is the highest common divisor of 7 and v?
7
Suppose t + 36 = 7*t. What is the highest common factor of 54 and t?
6
Let s(q) = -q + 15. Suppose -3*u + 6*u = 0. Let l be s(u). Let j be (-2)/(2 - 0) + 46. Calculate the highest common divisor of j and l.
15
Suppose -12 - 4 = -4*g. Suppose -7*h + 3*h = 2*o - 8, 4*o - 40 = g*h. Calculate the greatest common divisor of o and 72.
8
Let y(n) = n**3 - n**2 + 6. Let k be y(0). Suppose -p + k*p - 360 = -5*t, 0 = 4*t + 12. What is the greatest common factor of 15 and p?
15
Let r be 3/(-36)*3 + (-930)/(-8). What is the greatest common factor of 29 and r?
29
Let i(b) = b + 36. Let k be i(0). Let s(u) = 3*u + 6. Let h be s(6). What is the highest common divisor of k and h?
12
Let j be 0*((-1)/2 - -1) - -13. What is the greatest common factor of 13 and j?
13
Let x be 46*(-3)/12*(-11 - -1). What is the highest common factor of 5 and x?
5
Let i(c) = 48*c**2 - 3*c + 3. Let w be i(2). Suppose -2*g + w = g. Calculate the greatest common factor of 9 and g.